a?
1
Suppose 0 = a + 5*s - 8*s - 2222, -20 = 5*s. Suppose -x + 498 = 2*o, 2*o + a - 756 = 3*x. What is the tens digit of x?
8
Suppose -162607 + 407288 = 72*s - 1626311. What is the ten thousands digit of s?
2
Let y = -219 + 215. Let i(s) = 34*s**2 + 6*s + 1. What is the units digit of i(y)?
1
Let m(h) = 25*h**2 - 76*h - 829. What is the thousands digit of m(-12)?
3
Let g(n) = 75*n**2 + 390*n - 9948. What is the units digit of g(25)?
7
Let h = -4 + 49. Suppose -h*u + 40*u = -3705. What is the tens digit of u?
4
Suppose -807788 + 2886273 = -539*k + 18108345. What is the units digit of k?
0
Let m = 73589 - 52526. What is the hundreds digit of m?
0
Let o(p) be the third derivative of p**6/45 + 7*p**5/60 + p**4/6 + 8*p**3/3 + 5*p**2. Let l(j) be the first derivative of o(j). What is the tens digit of l(-4)?
7
Suppose 30*v - 23*v - 14 = 0. Suppose -12*l + 8*l = v*k - 80, 4*l = 3*k + 60. What is the units digit of l?
8
Let h = -14240 - -22801. What is the hundreds digit of h?
5
Suppose 0 = -97*f + 23*f - 29*f + 1797041. What is the ten thousands digit of f?
1
Let f(n) = -51*n**2 - 8*n - 1. Let k be f(-1). What is the thousands digit of 12472/9 - k/198?
1
Let s = -34048 - -48293. What is the units digit of s?
5
What is the thousands digit of 0 + -3 + 5885 - (3 - 9)?
5
Suppose -10*b - 210 = -350. Suppose 19*h = b*h + 5235. What is the thousands digit of h?
1
Let f(n) = -51*n**2 - 31*n - 49. Let a(c) = 26*c**2 + 16*c + 25. Let t(s) = -5*a(s) - 3*f(s). What is the units digit of t(7)?
0
Let v(i) = -8*i + 39. Let c be v(-11). Suppose 0 = -2*n - c + 357. What is the tens digit of n?
1
Let k(n) = -4*n - 29. Let w be k(-10). Suppose -8*b + 11419 = w*b. What is the units digit of b?
1
Suppose 28*t - 148 = -36. Suppose 4*g - 2156 = t*j, -g = 5*j - 3*j - 554. What is the hundreds digit of g?
5
Suppose 55*u - 57*u + 470 = 0. Suppose 3*q = -5*o + 589, -u = 3*o - 5*o - q. Suppose -4*h + o = 32. What is the units digit of h?
1
Let u be ((-200)/(-190))/10 - (-4)/(-38). Let m(x) = -6*x + 574. What is the units digit of m(u)?
4
Let r = 18801 - -9340. What is the thousands digit of r?
8
Suppose 0 = -4*s - 2*s + 78. Let f(u) = 9*u - 3*u - 38 - s + 3. What is the units digit of f(14)?
6
Suppose -9*z + 0 + 63 = 0. Suppose 16*n = 41 + z. Let i(f) = 23*f**2 - 4*f + 3. What is the units digit of i(n)?
8
Let w be (88/132)/((-1)/(-6)). Suppose 4*t - 2*p = 742, -p + 307 + 450 = w*t. What is the tens digit of t?
8
Suppose -26*u - 43283 + 680065 = -251872. What is the units digit of u?
9
Let i(t) be the first derivative of -6*t**2 - 14 - 1529*t + 1507*t - t**2. What is the hundreds digit of i(-12)?
1
Suppose -41*t - 23718 = -3*j - 44*t, 5*t = 3*j - 23694. What is the hundreds digit of j?
9
Let j(u) = -2*u**3 - 37*u**2 + 34*u + 9. What is the hundreds digit of j(-23)?
9
Suppose 2*s - 4*i + 1521 = 3*s, 4*s = -3*i + 6084. Suppose -2*c = -5*n + s, n + 2*c - 312 = 5*c. Suppose 7*l - n - 152 = 0. What is the tens digit of l?
6
Suppose -32 = 93*y - 109*y. Let h be -1 - (4 - 2) - 0. What is the tens digit of (-1632)/(-9) - y/h?
8
Let o(v) = v**2 + 22*v + 42. Let t(a) = -a**2 + 14*a + 12. Let n be t(16). Let g be o(n). Suppose 0*x + 456 = g*x. What is the tens digit of x?
2
Suppose -16*k + 51 = 3. What is the tens digit of (-14 + 164)*((-57)/(-9) - k)?
0
What is the hundreds digit of (0 - -11608) + ((-17)/(-2) - 192/128)?
6
Let s(c) = 14*c - 297 + c**2 + 192 + 13*c. What is the tens digit of s(-32)?
5
Let t(h) = -83*h**3 - 6*h**2 + 8*h + 12. What is the tens digit of t(-4)?
9
Let f = 156 - -4. What is the tens digit of (-2282)/(-4) + f/(-64)?
6
Let l = 3420 - -1241. What is the hundreds digit of l?
6
Let f = 23888 - 11031. What is the ten thousands digit of f?
1
Suppose 0 = 4*s + a - 2233, 4*a + 831 = 2*s - 299. Suppose -4*n = -5*i - s, 4*n - 2*i - 42 - 508 = 0. Let y = n + -73. What is the units digit of y?
3
Let f(u) = -206*u - 7319. What is the units digit of f(-111)?
7
What is the thousands digit of 1392/(-14)*(-56)/(-32)*-142?
4
Suppose 0 = -11*m - 3*m - 98. Let y be (-94)/m - 15/35. Suppose y*z - 1572 = 625. What is the tens digit of z?
6
What is the tens digit of (0 - 1808725/(-85)) + 0 + 10/(-85)?
7
Let u(g) = 1847*g + 2848. What is the hundreds digit of u(19)?
9
Let g = -11054 + 29910. What is the hundreds digit of g?
8
Let m(y) = 4*y**2 + 41*y + 477. What is the tens digit of m(-17)?
3
Let y = -820 + 1494. Suppose -l = -22 - y. What is the hundreds digit of l?
6
Let w = -375 + 210. Suppose 24*z + 14 = 31*z. What is the hundreds digit of (-1)/(-4*z/(-8)) - w?
1
Suppose 0 = 2*m + 4*n + 28, 0 = -4*m + 5*n + 17 - 47. What is the hundreds digit of 475 - (m/2 + 3 - 2)?
4
Let l(m) = 2*m**2 - 4*m + 4. Let x be l(3). Suppose -5*n - x = -2*r, 5*n - r + 3 + 7 = 0. What is the hundreds digit of n/(4/(-394)) + (-4 - 0)?
1
Let w(o) = -28*o - 5. Let d(i) = i**2 + 14*i + 17. Let n be d(-14). Suppose -s - n + 14 = 0. What is the units digit of w(s)?
9
Let w = -383 - -386. Suppose q = -4*v + 7*v - 3578, -4*v + 4749 = w*q. What is the units digit of v?
1
What is the units digit of (-17)/(340/(-11130)) + 12/(-8)?
5
Let g(v) = -80*v**2 + v - 2. Let i be g(1). Let r = i - -79. What is the hundreds digit of (-399)/r - (-3)/2?
2
Suppose 0 = 207*y + 2270039 - 3392036 - 4989678. What is the units digit of y?
5
Let h(l) = -12*l + 25. Let f be h(-16). Suppose 8*g = f + 55. What is the units digit of g?
4
Suppose 5*y + 2*z + z = 7, 7 = 2*y - 3*z. Suppose y*d + 2*o + 435 = 7*d, o + 174 = 2*d. Suppose -21 = -6*k + d. What is the tens digit of k?
1
Let l(q) = 44*q**2 + 2 + 16*q**2 + 59*q**2 + q. What is the units digit of l(-1)?
0
Suppose 602199 = -3*j + 55*j + 182351. What is the hundreds digit of j?
0
Suppose 5*z - 27288 = -25*l + 28*l, -z + 5*l + 5440 = 0. What is the tens digit of z?
6
Suppose 0 = c + a - 4, -5*a + 16 = c + 3*c. Suppose -c*j + 11 = -1. Suppose -w = -j*d + 4*d - 111, -4*d = -w + 111. What is the hundreds digit of w?
1
Let k(n) = -30*n**2 + 754*n - 93. What is the tens digit of k(17)?
5
Let q be (17/51)/((-41)/42 - -1). Suppose q*u = 18*u - 140. Let o = u - -55. What is the tens digit of o?
9
Suppose 0 = 14*o - 52 - 60. Suppose 2*n = -2*q + 920, 4*q - 1384 = -o*n + 5*n. What is the tens digit of n?
5
Let u = 3524 - -3934. What is the hundreds digit of u?
4
Let h(g) = -2*g**3 + 2*g**2 - 2*g + 2. Let w be h(2). Let x(y) = 2*y + 24. Let z be x(w). Suppose 3*i + 99 = z*i. What is the units digit of i?
9
Suppose 1350755 = 379*d - 12900782. What is the tens digit of d?
0
Let u(b) = 3*b**2 + 2. Let s be u(1). Let g = 4 - s. What is the tens digit of (-4)/8*106*g?
5
Suppose 5*x + 3*x = -2416. Let f = x + 532. What is the units digit of f?
0
Let g = -4755 + 7516. What is the thousands digit of g?
2
Let l be (-5 + 36)/((-1)/(-41)). Let t = 2583 - l. What is the units digit of t?
2
Let t = -194 + 26646. What is the thousands digit of t?
6
Let h(y) = -26*y**3 + 11*y**2 + 138*y + 9. What is the units digit of h(-8)?
1
Let u(w) = -w**2 - 4*w + 5. Let x be u(-4). Let v be 4 + (-25)/x - -11. Let i(b) = -b**3 + 10*b**2 + 14*b - 5. What is the tens digit of i(v)?
3
Suppose 39*n + 4248 = w + 42*n, 3*w = -2*n + 12744. What is the units digit of w?
8
Let b be (-2)/(-9) + 2720/(-90). Let p = 34 + b. Suppose -3*u = -p*y - 153, 2*u - y = 4*u - 102. What is the tens digit of u?
5
Let f(c) = 4*c**2 + 3*c - 3. Let k be f(-3). Let a = 42 - k. Suppose a - 100 = -2*n. What is the tens digit of n?
4
Let c = -6952 + 12251. Suppose -18*t + c + 2639 = 0. What is the units digit of t?
1
Suppose -5*s + 63 = -117. Suppose 2*h - s = -5*m, 2*h = 5*m + 7*h - 45. Suppose 75 = -j + m*j. What is the units digit of j?
5
Suppose 4*f - 3*f - 2543 = 0. Suppose 0 = 3*i - 695 + f. What is the tens digit of ((-24)/(-14))/((-16)/i)?
6
Let b(t) = 2*t**3 + t**2 + 3*t + 5. What is the tens digit of b(5)?
9
Let f(y) = -y**3 - 10*y**2 - y - 5. Let c be f(-10). Let i(k) = k**2 - k. Let d(h) = 6*h**2 - 27*h. Let r(b) = c*i(b) - d(b). What is the units digit of r(16)?
6
Let p(g) = 2151*g**3 + 5*g**2 + 247*g - 758. What is the ten thousands digit of p(3)?
5
Let o be (-1 + 1/3)/((-30)/12420). Let g = o + -24. Suppose g = d + d. What is the units digit of d?
6
Suppose 5*y - 7 = i + 1, -y - i = -4. Suppose 4*h + 8 = 0, 3*h = -3*x + y*h - 14. What i